
Let i be 9007/13 - ((-1)/(-4))/(156/(-96)). What is the greatest common factor of 126 and i?
63
Let h(s) = -146*s - 1728. Let u be h(-17). Calculate the greatest common divisor of 312 and u.
26
Let d(w) = 3*w**3 - 91*w**2 + 30*w + 77. Let y be d(30). Calculate the greatest common divisor of 322 and y.
7
Let h(g) = -g**3 - 3*g**2 + 37*g + 12. Let j be h(-9). Suppose -l = 3*l - 12. Suppose -3 = -l*z + 96. Calculate the greatest common divisor of z and j.
33
Suppose -2*u + 216 = k, -2*k - 3*u + 6*u + 404 = 0. Let w be 13 + (23 - (5 + 15)). Calculate the greatest common factor of w and k.
16
Let x be (143/26)/((-93)/(-90) + -1). Let r = 629 - x. What is the highest common divisor of 29 and r?
29
Suppose 882247 = 117*k - 743585. What is the highest common divisor of 72 and k?
72
Let x(j) = j**3 + j**2 - 5*j - 5. Let i be x(-1). Suppose 5*k - 587 - 58 = i. Let g = -128 + k. What is the highest common factor of g and 11?
1
Suppose -427*s + 419*s = -48. Let m be 11/((-132)/(-90)) - (-3)/s. Calculate the highest common divisor of m and 88.
8
Let q = -40 - -205. Let u be 10/(-6)*1*(21 - 30). Calculate the highest common divisor of u and q.
15
Let l be 12/96 - (2 + (-123)/(-24)). Let g(z) = 4*z + 64. Let a be g(l). Calculate the highest common divisor of 12 and a.
12
Suppose -a - 89 = -h, 0*h - 190 = 2*a + h. Let y = 98 + a. Let q be (-1 - y)*(-78)/18. Calculate the highest common divisor of 65 and q.
13
Suppose 0 = 23*h - 18*h - 525. Suppose 235 - 25 = 5*x. What is the highest common factor of x and h?
21
Suppose 6*l = -6 + 30. Suppose -l*z + 52 = -92. What is the greatest common divisor of z and 90?
18
Suppose 879 = -2*s - t + 243, s + 313 = -3*t. Let i = 354 + s. What is the greatest common divisor of 56 and i?
7
Suppose 25 = 5*m - 0. Suppose 3*r + 3*u + 24 = 0, -2*u + 6*u + 8 = 0. Let n be (-3)/2*20/r. What is the highest common factor of n and m?
5
Let w(b) = b**2 + 3*b + 70. Let m be w(-17). Suppose 0*v = -3*v + 396. Let o = m - v. What is the highest common factor of 16 and o?
16
Let w be 6*1 + (12 - (22 + -10)). Calculate the highest common factor of 2244 and w.
6
Let s be (-9)/6*(-320)/15. Let g be 4/((1/30)/((-10)/(-25))). Suppose 8*a + g = 176. What is the greatest common divisor of s and a?
16
Let u = -35 - -40. Suppose -17 = n + u*m, -2*m = -n + 6*n - 7. Suppose 0 = -n*g + 7*g - 176. What is the highest common factor of 22 and g?
22
Let i = 33175 - 23945. Calculate the greatest common divisor of i and 26.
26
Let w be 675/(-30)*(-154)/55. Calculate the highest common divisor of w and 171.
9
Suppose 0 = -14*d - 6*d - 80. Let b be d/6*9*2/(-6). What is the greatest common factor of 8 and b?
2
Let i = -37 - -42. Suppose 4*u - 5*c + 165 = 0, -3*c + 187 = -i*u - 3. Let w = 19 - u. Calculate the highest common divisor of w and 18.
18
Let b(p) = -2*p**2 - 30*p + 6. Let i be b(-14). Let t be (-2)/(-11) + 2988/22. What is the greatest common factor of i and t?
34
Let l be 126 + -107 + 0/(-5). Suppose 5*z + 73 + 172 = 0. Let i = -11 - z. Calculate the greatest common factor of i and l.
19
Let c be (-30)/7*((-1820)/(-78) + -28). Let r(t) = -3*t**3 - 9*t**2 - 2*t + 4. Let h be r(-6). What is the greatest common divisor of c and h?
20
Suppose n - 115 = 3*y, -2*y + 8 + 2 = 0. Let d(s) = 21*s**3 + 196*s - 570. Let u be d(3). What is the highest common divisor of n and u?
65
Let w be 3080/18480 - (-3)/(18/335). Let h = -1 + 7. Let g be (h/15)/(1/1120). What is the greatest common divisor of w and g?
56
Let v = 4865 + -4692. What is the greatest common factor of 8304 and v?
173
Let l be 3 - (-20)/8*-22. Let p be 1/((-2 - 2)/l). Suppose -13*g - 3*b = -11*g - 69, -3*g = -4*b - 129. Calculate the greatest common divisor of p and g.
13
Suppose -5*r - b = -739 - 929, -2*b - 1992 = -6*r. Suppose -14 = -y + 60. What is the highest common factor of r and y?
37
Let t be 26/3 - 4/6. Suppose 8*y + 3 = -5. Let d be y/(7/(-1400)*5). Calculate the highest common factor of t and d.
8
Suppose 0*t - 5*t + 2025 = 0. Let o be 3 + 1 + (-9 - -8)*(-12 - -11). What is the greatest common factor of t and o?
5
Let h(q) be the third derivative of 391*q**6/120 - q**5/60 + q**4/12 - q**3/6 + 11*q**2. Let p be h(1). Calculate the highest common factor of p and 23.
23
Suppose 4*n = -3*z + 193, -6*z - 4*n = -2*z - 256. Suppose -173*j + 5*v + 95 = -172*j, -4*j + 416 = -2*v. What is the highest common divisor of z and j?
21
Let r(j) = 3*j + 2. Let z be r(0). Suppose o = z*o - 10. Let q be 324/78 + (-2)/13. Calculate the greatest common divisor of o and q.
2
Suppose 0 = 5*o - m + 73 - 214, -3*m = 5*o - 157. Suppose 31*i - 387 = 202. Let z = i + o. What is the greatest common divisor of z and 24?
24
Let d = -427 - -436. Let h be (16*d/(-27))/(2/(-15)). Calculate the highest common factor of 64 and h.
8
Let y be 148*3*(-1)/6. Let v = 82 + y. What is the greatest common factor of 184 and v?
8
Let m be (-1 - -7)*-1*(-8)/12. Let f(l) = 618*l**2 - 612*l**2 - l + 7 - m*l. Let t be f(2). What is the highest common divisor of 21 and t?
21
Suppose 12*f + 86 - 278 = 0. Suppose -f*b = -1791 - 641. What is the greatest common factor of 19 and b?
19
Let j = -96 + 25. Let y be 4*1/(-4)*2. Let s be j/(-2) - y/(-4). Calculate the greatest common factor of 7 and s.
7
Let g be ((-36)/(-8) + 0)*5124/189. Calculate the greatest common factor of g and 854.
122
Suppose -4*d = 3*n + 146, -22*d - 239 = 4*n - 23*d. Suppose -404 = -3*w + w. Let p = w + n. What is the greatest common divisor of 18 and p?
18
Suppose 3*s - 79 + 13 = -24. Calculate the greatest common factor of 54586 and s.
14
Let o(d) = 3*d**2 + d + 1. Let u be o(-1). Let y be u/(15/(-125)) + -2. Let j = y - -30. Calculate the highest common factor of 6 and j.
3
Let g(m) = 2*m**2 - 6. Let w be g(-3). Suppose -1243 = w*n + 785. Let x be (-26)/n - 89/(-13). What is the highest common divisor of 2 and x?
1
Suppose -2*a + a - 32 = 0. Let v(x) = -x - 14. Let k be v(a). Let j = -87 + 123. What is the greatest common factor of k and j?
18
Let r(n) = -16*n**2 - 5*n + 4. Let d be r(-5). Let a = -251 - d. Calculate the greatest common divisor of a and 420.
60
Let r = 10314 + -9816. Calculate the greatest common factor of r and 22078.
166
Let u(a) = -127*a + 1086. Let p be u(8). What is the greatest common divisor of p and 5705?
35
Suppose 0 = -23*h - 16*h + 1287. Calculate the greatest common divisor of h and 440.
11
Let g be (-11)/(-2)*2/((36/5787)/4). Calculate the highest common factor of 11 and g.
11
Suppose -15*k + 16 = -29. Suppose 0 = -k*g + 3*d + 186, 4*d - 3*d - 1 = 0. What is the highest common divisor of 14 and g?
7
Let z(v) = -v**2 + 15*v - 24. Suppose -16*f + 12*f = -56. Let g be z(f). Let o be (-49 - 2)*(g - -9). Calculate the greatest common factor of o and 17.
17
Suppose 0 = 15*c - 3*c - u - 809, 4*c - 5*u - 237 = 0. What is the highest common divisor of c and 2414?
34
Let t(x) = -12*x - 21. Let i be t(-5). Suppose -77 - i = 2*y. Let k = 70 + y. What is the greatest common factor of 48 and k?
12
Let a be (94*4/(-24))/(6/(-18)). Suppose 0 = -a*j + 2503 + 5111. What is the greatest common factor of 24 and j?
6
Let f = -60 - -88. Let m = -3626 - -3724. What is the greatest common divisor of f and m?
14
Suppose -8*w + 560 = -3*w. Let y(a) = a - 4. Let n be y(9). Suppose -l - 33 = -2*t, 0 = -n*t - 5*l - 6 + 51. What is the greatest common divisor of w and t?
14
Let h(k) = 18*k**2 + 3*k + 3. Let y be h(-2). Suppose 0 = 2*o + 8*m - 13*m - 318, o + 4*m - 224 = 0. What is the highest common divisor of y and o?
23
Suppose 2*r - 8*r = -42. Suppose 12 = 11*x - r*x. Suppose -270 = -x*c - 6*c. What is the highest common factor of 150 and c?
30
Suppose 36 = -3*v + 108. Let n be 1/(-2) - (-63)/6. Suppose o - n = 26. Calculate the greatest common divisor of v and o.
12
Let q be ((-24)/10)/(6*(-22)/61380). What is the highest common divisor of q and 620?
124
Let a = 7 - -17. Suppose -244*f + 5*v = -242*f - 649, -3*v = -2*f + 639. Calculate the greatest common factor of f and a.
24
Suppose 2*d - 380 + 347 = -3*t, 0 = 2*d + 5*t - 27. What is the highest common factor of d and 511?
7
Let x be 342/(-10)*(-4680)/108. Suppose 0 = 38*v - 19*v - x. Calculate the greatest common divisor of 104 and v.
26
Let j be ((-76)/(-28) + -3)/(2/(-28)). Let a be (2/(-8))/(-1*1/j). 